832?
-983d
In base 15, what is -2 + 12019d4?
12019d2
In base 13, what is -3777 - -7c42?
4498
In base 7, what is -20332240 - -2?
-20332235
In base 5, what is -12004321 - 401?
-12010222
In base 15, what is -655e16 + 3?
-655e13
In base 16, what is 766bfb + f?
766c0a
In base 2, what is 11101001010001 - -1101111111110?
101011001001111
In base 16, what is 569e1 - 29?
569b8
In base 7, what is 4422 + -32214?
-24462
In base 15, what is 110 - -462513?
462623
In base 8, what is 74215110 - 21?
74215067
In base 8, what is 4 - 20571233?
-20571227
In base 9, what is 56 + 1585466?
1585533
In base 9, what is -20 - 7804263?
-7804283
In base 15, what is -cdc09 + 9?
-cdc00
In base 4, what is 223 - 10323130333?
-10323130110
In base 3, what is -1102 - 22100200220?
-22100202022
In base 2, what is 1011 + -110110000101000000011001?
-110110000101000000001110
In base 4, what is -12 - 3312330013312?
-3312330013330
In base 4, what is -1100300 - 130110?
-1231010
In base 3, what is -120012 - 12000220011?
-12001110100
In base 5, what is 1 + -3310303441?
-3310303440
In base 15, what is 197 - a84d4?
-a833c
In base 10, what is 2545659 + -104?
2545555
In base 10, what is -83 - -100086?
100003
In base 4, what is -110 + -10021002021?
-10021002131
In base 15, what is 2 - 2801d43?
-2801d41
In base 7, what is -562555354 - 2?
-562555356
In base 8, what is 252133 + -326?
251605
In base 6, what is -232515 - -4411?
-224104
In base 8, what is 5273750677 + 0?
5273750677
In base 16, what is -5 + 98e90a?
98e905
In base 6, what is -15300320323 - -5?
-15300320314
In base 14, what is 62 + -3b556?
-3b4d4
In base 10, what is 6 + 40758574?
40758580
In base 15, what is -a106e - 53?
-a10c2
In base 12, what is -ab0119 - -4b?
-ab008a
In base 10, what is -10 + -12320337?
-12320347
In base 11, what is 43 + 139798?
139830
In base 11, what is -677a - 5870?
-1153a
In base 2, what is -100 - 10100111110111000000011111001?
-10100111110111000000011111101
In base 7, what is -300 + -602532?
-603132
In base 12, what is -29 + 81076?
81049
In base 5, what is -12040202011 - -1?
-12040202010
In base 12, what is -1 + 2311b2?
2311b1
In base 10, what is 3 - -246944317?
246944320
In base 13, what is -7169 + -783c?
-119a8
In base 13, what is 43 - 225639?
-2255c6
In base 14, what is 3c379 + 8d?
3c428
In base 15, what is 2 - -43b7ea?
43b7ec
In base 14, what is -393b - -6591?
2a54
In base 13, what is 22300c9 + 9?
2230105
In base 3, what is -1120 + -2011201110012?
-2011201111202
In base 13, what is 4023068 - -20?
4023088
In base 6, what is -12 + -32215211?
-32215223
In base 7, what is -223453064 - 5?
-223453102
In base 14, what is -1029217d - 4?
-10292183
In base 9, what is 2 + 6654710?
6654712
In base 14, what is -b6d2 + 170?
-b562
In base 6, what is -5154 - 30055?
-35253
In base 16, what is 220 + -5591?
-5371
In base 12, what is 4 + -3803911?
-3803909
In base 6, what is -11330141 - 220?
-11330401
In base 16, what is 5 - 3a603d?
-3a6038
In base 13, what is 4b19 + 4b?
4b67
In base 10, what is 4164740 - -3?
4164743
In base 8, what is -6533002 - -13?
-6532767
In base 15, what is -1197009 + 3?
-1197006
In base 3, what is -2020110121022212 - -2?
-2020110121022210
In base 10, what is -5 - -26282567?
26282562
In base 6, what is -242 - 35152040?
-35152322
In base 4, what is -31201101120221 + -2?
-31201101120223
In base 14, what is -2b + 8791?
8764
In base 13, what is 34 - 106c6c?
-106c38
In base 13, what is 14921 + -ca?
14824
In base 13, what is 4 + b8c721?
b8c725
In base 15, what is -160 + 106820?
1066b0
In base 4, what is 20112 + -22121023?
-22100311
In base 8, what is 1 - -610523?
610524
In base 16, what is -26a - 5bebf?
-5c129
In base 3, what is 1 - 111002002001020?
-111002002001012
In base 14, what is -493 + 2904cc?
290039
In base 5, what is -122133 - 1330304?
-2002442
In base 5, what is 201332104214 - 13?
201332104201
In base 15, what is 3cd044 - 3?
3cd041
In base 16, what is -2 - -1e50e0?
1e50de
In base 6, what is -14 + -2221404?
-2221422
In base 6, what is 12315001 - -40?
12315041
In base 4, what is -32313302 - 1103221?
-100023123
In base 12, what is -7405b - -4a0?
-7377b
In base 7, what is 465113 + 1064?
466210
In base 3, what is 101100 + 1110010121100?
1110010222200
In base 8, what is 31 - 44372147?
-44372116
In base 13, what is 6 + -3bc1b3?
-3bc1aa
In base 6, what is -20323542 + 12?
-20323530
In base 7, what is 42 - 130101233?
-130101161
In base 15, what is -7a - bd57?
-bdd2
In base 15, what is -69844c + 0?
-69844c
In base 11, what is -8 + -460921?
-460929
In base 4, what is -323032332312 - 10?
-323032332322
In base 4, what is -21232323032 + -10?
-21232323102
In base 12, what is 8 + b3711?
b3719
In base 11, what is -539 + 152768?
15222a
In base 10, what is 3667 + -21954?
-18287
In base 6, what is -211 - 1032255?
-1032510
In base 10, what is -142812 + 100?
-142712
In base 5, what is 4003 - 30131442?
-30122434
In base 16, what is ba + -1960a?
-19550
In base 16, what is -7 + -5e0321?
-5e0328
In base 2, what is -1011010 + -10011101011111?
-10011110111001
In base 6, what is 1024100 + 35?
1024135
In base 12, what is -41a2 - -4900?
71a
In base 4, what is 3202323023 + -3001?
3202320022
In base 4, what is -20100233313202 + 1?
-20100233313201
In base 13, what is 4 - 13a99c?
-13a998
In base 4, what is -230301 + 3331320?
3101013
In base 8, what is -1342712 + -56?
-1342770
In base 5, what is -220434023 - -104?
-220433414
In base 10, what is 39 + -9401920?
-9401881
In base 5, what is 3 - 1232143143?
-1232143140
In base 5, what is -4410223223 + 4?
-4410223214
In base 5, what is 1004421441224 - 2?
1004421441222
In base 10, what is -38 - -432200?
432162
In base 10, what is -64672674 - 4?
-64672678
In base 4, what is 23 + 1333002112?
1333002201
In base 6, what is 22141125 - 101?
22141024
In base 10, what is 56090591 + 7?
56090598
In base 5, what is 113 - -21211013?
21211131
In base 2, what is -10000111100 + 10111011110010000?
10111001101010100
In base 6, what is 3540332 + 3425?
3544201
In base 3, what is 220 + -20000210112?
-20000202122
In base 12, what is 11b - -1a2ba?
1a419
In base 11, what is 3 - -5489548?
5489550
In base 6, what is -21 + 10043115?
10043054
In base 9, what is 2363655 + -8?
2363646
In base 14, what is -4c2547 + 11b?
-4c242a
In base 15, what is 77a25 + -4?
77a21
In base 14, what is 43 + -3d765?
-3d722
In base 5, what is -10301410 - -1232?
-10300123
In base 8, what is -1536241 - 6?
-1536247
In base 7, what is 20003613 - 3?
20003610
In base 6, what is 332153 - 31033?
301120
In base 11, what is -4593 + -53?
-4636
In base 5, what is -1130401042 - -341?
-1130400201
In base 15, what is -3 - 3e40ba8?
-3e40bab
In base 8, what is 12 - 213240?
-213226
In base 7, what is -2324563 - 553?
-2325446
In base 13, what is 2c2 - 1687b?
-16589
In base 3, what is -11 + 12001012121110?
12001012121022
In base 13, what is 360 + -17c06?
-17876
In base 5, what is -31342 + 1321?
-30021
In base 9, what is 1 - -18630706?
18630707
In base 14, what is -1b0cd + -a2a?
-1bb19
In base 16, what is -13c2de2a + -3?
-13c2de2d
In base 4, what is -1331012 + -1123112?
-3120130
In base 7, what is 34534053416 + -2?
34534053414
In base 2, what is -1010010000 - -10010000100011?
10000110010011
In base 15, what is -17 - 684390?
-6843a7
In base 12, what is 1245a09 + 0?
1245a09
In base 14, what is -3593c - -401?
-3553b
In base 9, what is 36 - -5708808?
5708845
In base 9, what is -10 - 5656636?
-5656646
In base 15, what is 180 + -12e12?
-12c82
In base 7, what is -1554 - -6243033?
6241146
In base 11, what is -4898404 - 2?
-4898406
In base 15, what is 2 + 24b1a0?
24b1a2
In base 9, what is -42366 - 330?
-42706
In base 13, what is 21241aa3 + -1?
21241aa2
In base 7, what is 3 - 16303651?
-16303645
In base 8, what is -3351 - -336351?
333000
In base 3, what is -11222102 + -2100?
-12001202
In base 6, what is 104051423 - 1041?
104050342
In base 6, what is -242 + -10052211?
-10052453
In base 6, what is 111425 - 11453?
55532
In base 6, what is 2502254044 - -2?
2502254050
In base 14, what is -d3ac + 33?
-d379
In base 3, what is 21 - -11210100210?
11210101001
In base 3, what is -1000021001112 - -112022?
-1000020112020
In base 2, what is -11111100011010100110011 + -111?
-11111100011010100111010
In base 3, what is -12012 - -101221211012?
101221122000
In base 7, what is 0 + -5621462